 10?
1
Calculate the remainder when 1576 is divided by 17.
12
Calculate the remainder when 7397 is divided by 1246.
1167
What is the remainder when 6895 is divided by 11?
9
What is the remainder when 384262 is divided by 324?
322
Calculate the remainder when 1418 is divided by 73.
31
What is the remainder when 234808 is divided by 94?
90
Calculate the remainder when 601900 is divided by 42.
40
What is the remainder when 859346 is divided by 655?
641
Calculate the remainder when 132604 is divided by 749.
31
Calculate the remainder when 628 is divided by 273.
82
What is the remainder when 10844 is divided by 103?
29
What is the remainder when 50671 is divided by 7238?
5
What is the remainder when 224 is divided by 38?
34
Calculate the remainder when 13823 is divided by 48.
47
Calculate the remainder when 19291 is divided by 3207.
49
Calculate the remainder when 11191 is divided by 130.
11
Calculate the remainder when 158922 is divided by 33.
27
Calculate the remainder when 10935 is divided by 2406.
1311
What is the remainder when 48009 is divided by 41?
39
What is the remainder when 12021 is divided by 1195?
71
What is the remainder when 63840 is divided by 155?
135
What is the remainder when 94082 is divided by 31357?
11
Calculate the remainder when 103338 is divided by 48.
42
What is the remainder when 306 is divided by 66?
42
Calculate the remainder when 35375 is divided by 14.
11
Calculate the remainder when 7729 is divided by 20.
9
Calculate the remainder when 33722 is divided by 93.
56
What is the remainder when 65864 is divided by 16451?
60
What is the remainder when 1558 is divided by 10?
8
What is the remainder when 18957 is divided by 21?
15
Calculate the remainder when 22150 is divided by 213.
211
Calculate the remainder when 3023545 is divided by 317.
316
Calculate the remainder when 2474 is divided by 2211.
263
Calculate the remainder when 70892 is divided by 1203.
1118
What is the remainder when 18814 is divided by 1578?
1456
Calculate the remainder when 2047221 is divided by 788.
785
Calculate the remainder when 1683 is divided by 107.
78
What is the remainder when 3610473 is divided by 557?
556
Calculate the remainder when 141691 is divided by 15743.
4
What is the remainder when 100959 is divided by 39?
27
What is the remainder when 46170 is divided by 35?
5
What is the remainder when 125512 is divided by 6?
4
Calculate the remainder when 17145 is divided by 17133.
12
What is the remainder when 155457 is divided by 87?
75
What is the remainder when 117897 is divided by 450?
447
What is the remainder when 3371 is divided by 3152?
219
Calculate the remainder when 660008 is divided by 56.
48
Calculate the remainder when 394309 is divided by 29.
25
Calculate the remainder when 604121 is divided by 812.
805
Calculate the remainder when 4887 is divided by 542.
9
Calculate the remainder when 27588 is divided by 219.
213
What is the remainder when 247274 is divided by 248?
18
What is the remainder when 10942 is divided by 72?
70
Calculate the remainder when 1867 is divided by 41.
22
Calculate the remainder when 7104 is divided by 16.
0
Calculate the remainder when 773988 is divided by 20368.
4
What is the remainder when 1141645 is divided by 96?
13
What is the remainder when 1079450 is divided by 179907?
8
What is the remainder when 105740 is divided by 1112?
100
Calculate the remainder when 1742 is divided by 750.
242
What is the remainder when 18509 is divided by 6123?
140
Calculate the remainder when 319 is divided by 111.
97
Calculate the remainder when 19493 is divided by 9.
8
Calculate the remainder when 3407 is divided by 567.
5
Calculate the remainder when 9156 is divided by 380.
36
What is the remainder when 2917 is divided by 361?
29
What is the remainder when 21080 is divided by 166?
164
What is the remainder when 1198988 is divided by 297?
296
Calculate the remainder when 9136 is divided by 1142.
0
Calculate the remainder when 17917 is divided by 1612.
185
Calculate the remainder when 175276 is divided by 170.
6
Calculate the remainder when 403196 is divided by 25.
21
What is the remainder when 22257 is divided by 84?
81
What is the remainder when 30727 is divided by 128?
7
What is the remainder when 706667 is divided by 32121?
5
What is the remainder when 8734422 is divided by 15?
12
What is the remainder when 143232 is divided by 77?
12
Calculate the remainder when 26816 is divided by 30.
26
Calculate the remainder when 33589 is divided by 533.
10
Calculate the remainder when 3364 is divided by 114.
58
What is the remainder when 68129 is divided by 757?
756
Calculate the remainder when 130339 is divided by 1609.
10
Calculate the remainder when 11684 is divided by 39.
23
Calculate the remainder when 113204 is divided by 100.
4
Calculate the remainder when 37048 is divided by 37019.
29
Calculate the remainder when 86872 is divided by 467.
10
What is the remainder when 147724 is divided by 830?
814
Calculate the remainder when 127061 is divided by 259.
151
Calculate the remainder when 590 is divided by 157.
119
Calculate the remainder when 54891 is divided by 45.
36
What is the remainder when 43293 is divided by 593?
4
Calculate the remainder when 21362 is divided by 138.
110
Calculate the remainder when 9554 is divided by 868.
6
Calculate the remainder when 7777 is divided by 49.
35
What is the remainder when 19985 is divided by 1648?
209
Calculate the remainder when 224896 is divided by 19.
12
Calculate the remainder when 584877 is divided by 48.
45
What is the remainder when 4305 is divided by 169?
80
Calculate the remainder when 94362 is divided by 1887.
12
Calculate the remainder when 3454 is divided by 54.
52
Calculate the remainder when 116478 is divided by 6851.
11
What is the remainder when 2427 is divided by 222?
207
What is the remainder when 29486 is divided by 44?
6
What is the remainder when 19300 is divided by 135?
130
Calculate the remainder when 13177 is divided by 52.
21
Calculate the remainder when 7491 is divided by 252.
183
Calculate the remainder when 1550 is divided by 37.
33
What is the remainder when 397445 is divided by 79489?
0
Calculate the remainder when 3460 is divided by 1642.
176
What is the remainder when 6081 is divided by 1514?
25
Calculate the remainder when 6092 is divided by 121.
42
What is the remainder when 8430 is divided by 4201?
28
What is the remainder when 7143 is divided by 34?
3
What is the remainder when 53749 is divided by 302?
295
Calculate the remainder when 150476 is divided by 61.
50
Calculate the remainder when 4792 is divided by 51.
49
What is the remainder when 474705 is divided by 358?
355
What is the remainder when 281536 is divided by 140751?
34
What is the remainder when 5949 is divided by 5937?
12
What is the remainder when 1447376 is divided by 13?
8
Calculate the remainder when 1348304 is divided by 449433.
5
Calculate the remainder when 3877 is divided by 1787.
303
Calculate the remainder when 62659 is divided by 1739.
55
What is the remainder when 4129 is divided by 241?
32
Calculate the remainder when 99090 is divided by 1358.
1314
Calculate the remainder when 2173762 is divided by 9.
1
Calculate the remainder when 188952 is divided by 285.
282
What is the remainder when 8261 is divided by 1202?
1049
What is the remainder when 5176 is divided by 405?
316
Calculate the remainder when 26299 is divided by 44.
31
What is the remainder when 4275 is divided by 585?
180
What is the remainder when 480088 is divided by 911?
902
Calculate the remainder when 19957 is divided by 1915.
807
Calculate the remainder when 2928 is divided by 266.
2
What is the remainder when 75024 is divided by 15?
9
Calculate the remainder when 3703 is divided by 856.
279
What is the remainder when 152349 is divided by 18?
15
What is the remainder when 1277 is divided by 768?
509
Calculate the remainder when 5802 is divided by 406.
118
Calculate the remainder when 25673 is divided by 25653.
20
Calculate the remainder when 17909 is divided by 17869.
40
What is the remainder when 9699 is divided by 1388?
1371
What is the remainder when 4719 is divided by 363?
0
Calculate the remainder when 11416 is divided by 224.
216
What is the remainder when 138242 is divided by 16?
2
What is the remainder